{"id":43,"date":"2026-03-15T13:13:25","date_gmt":"2026-03-15T13:13:25","guid":{"rendered":"https:\/\/fgmcreations.com\/?page_id=43"},"modified":"2026-03-29T15:07:16","modified_gmt":"2026-03-29T15:07:16","slug":"a-propos","status":"publish","type":"page","link":"https:\/\/fgmcreations.com\/index.php\/a-propos\/","title":{"rendered":"A propos"},"content":{"rendered":"\n<div style=\"height:100px\" aria-hidden=\"true\" class=\"wp-block-spacer\"><\/div>\n\n\n\n<div class=\"wp-block-media-text is-stacked-on-mobile\" style=\"grid-template-columns:31% auto\"><figure class=\"wp-block-media-text__media\"><img loading=\"lazy\" decoding=\"async\" width=\"768\" height=\"1024\" src=\"https:\/\/fgmcreations.com\/wp-content\/uploads\/2026\/03\/Adelaide-768x1024.jpg\" alt=\"\" class=\"wp-image-159 size-full\" srcset=\"https:\/\/fgmcreations.com\/wp-content\/uploads\/2026\/03\/Adelaide-768x1024.jpg 768w, https:\/\/fgmcreations.com\/wp-content\/uploads\/2026\/03\/Adelaide-225x300.jpg 225w, https:\/\/fgmcreations.com\/wp-content\/uploads\/2026\/03\/Adelaide-1152x1536.jpg 1152w, https:\/\/fgmcreations.com\/wp-content\/uploads\/2026\/03\/Adelaide-1536x2048.jpg 1536w, https:\/\/fgmcreations.com\/wp-content\/uploads\/2026\/03\/Adelaide-scaled.jpg 1920w\" sizes=\"auto, (max-width: 768px) 100vw, 768px\" \/><\/figure><div class=\"wp-block-media-text__content\">\n<p><strong>Bienvenue dans mon univers magique et cr\u00e9atif ! Ici, chaque cr\u00e9ation est pens\u00e9e pour raconter une histoire, \u00e9veiller une \u00e9motion et capturer une pr\u00e9sence unique.<\/strong><\/p>\n<\/div><\/div>\n\n\n\n<div style=\"height:100px\" aria-hidden=\"true\" class=\"wp-block-spacer\"><\/div>\n\n\n\n<h2 class=\"wp-block-heading has-text-align-center\">Mon univers<\/h2>\n\n\n\n<hr class=\"wp-block-separator has-alpha-channel-opacity\"\/>\n\n\n\n<div style=\"height:50px\" aria-hidden=\"true\" class=\"wp-block-spacer\"><\/div>\n\n\n\n<p class=\"has-text-align-left\" style=\"border-style:none;border-width:0px\"><strong><em>\u00ab\u00a0Je puise mon inspiration dans le rythme des saisons, la beaut\u00e9 de ma r\u00e9gion, mais aussi dans les mondes nordiques, l&rsquo;h\u00e9ro\u00efc fantasy et les atmosph\u00e8res f\u00e9\u00e9riques.<\/em><\/strong><\/p>\n\n\n\n<p class=\"has-text-align-left\" style=\"border-style:none;border-width:0px\"><strong><em>Chaque pi\u00e8ce est unique, r\u00e9alis\u00e9e \u00e0 partir de mati\u00e8res simples (carton, bois, tissus, laine\u2026), parfois r\u00e9cup\u00e9r\u00e9es, toujours choisies avec<\/em> soin\u00a0\u00bb<\/strong><\/p>\n\n\n\n<div style=\"height:100px\" aria-hidden=\"true\" class=\"wp-block-spacer\"><\/div>\n\n\n\n<h2 class=\"wp-block-heading has-text-align-center\">Valeurs et approche<\/h2>\n\n\n\n<hr class=\"wp-block-separator has-alpha-channel-opacity\"\/>\n\n\n\n<div style=\"height:100px\" aria-hidden=\"true\" class=\"wp-block-spacer\"><\/div>\n\n\n\n<p><strong>Mon travail repose sur quatre principes essentiels :<\/strong><br><br> &#8211; <strong>Authenticit\u00e9 et qualit\u00e9<\/strong> : chaque cr\u00e9ation est r\u00e9alis\u00e9e avec attention et minutie.<br> &#8211; <strong>Cr\u00e9ativit\u00e9 et imagination <\/strong>: j&rsquo;explore sans cesse de nouvelles formes et techniques.<br> &#8211; <strong>Partage <\/strong>: chaque pi\u00e8ce raconte une histoire et invite \u00e0 voyager dans mon univers.<br> &#8211; <strong>Ecologie<\/strong> : je privil\u00e9gie le recyclage et la r\u00e9cup\u00e9ration de mes mat\u00e9riaux autant que possible.<\/p>\n\n\n\n<div style=\"height:100px\" aria-hidden=\"true\" class=\"wp-block-spacer\"><\/div>\n\n\n\n<h2 class=\"wp-block-heading has-text-align-center\">D\u00e9couvrez mes cr\u00e9ations<\/h2>\n\n\n\n<hr class=\"wp-block-separator has-alpha-channel-opacity\"\/>\n\n\n\n<div style=\"height:100px\" aria-hidden=\"true\" class=\"wp-block-spacer\"><\/div>\n\n\n\n<p>Merci de votre visite ! Parcourez les galeries pour d\u00e9couvrir mes cr\u00e9ations et n&rsquo;h\u00e9sitez pas \u00e0 me contacter pour toute question ou curiosit\u00e9.<br><strong>Chaque pi\u00e8ce vous invite \u00e0 entrer dans un univers o\u00f9 po\u00e9sie et imaginaire prennent vie.<\/strong><\/p>\n\n\n\n<div style=\"height:100px\" aria-hidden=\"true\" class=\"wp-block-spacer\"><\/div>\n\n\n\n<div class=\"wp-block-buttons is-layout-flex wp-block-buttons-is-layout-flex\">\n<div class=\"wp-block-button\"><a class=\"wp-block-button__link wp-element-button\" href=\"https:\/\/fgmcreations.com\/index.php\/galerie\/\">D\u00e9couvrir mes cr\u00e9ations<\/a><\/div>\n<\/div>\n\n\n\n<div style=\"height:100px\" aria-hidden=\"true\" class=\"wp-block-spacer\"><\/div>\n\n\n\n<figure class=\"wp-block-image size-large is-resized\"><img loading=\"lazy\" decoding=\"async\" width=\"768\" height=\"1024\" src=\"https:\/\/fgmcreations.com\/wp-content\/uploads\/2026\/03\/Melusine-768x1024.jpg\" alt=\"\" class=\"wp-image-103\" style=\"width:623px;height:auto\" srcset=\"https:\/\/fgmcreations.com\/wp-content\/uploads\/2026\/03\/Melusine-768x1024.jpg 768w, https:\/\/fgmcreations.com\/wp-content\/uploads\/2026\/03\/Melusine-225x300.jpg 225w, https:\/\/fgmcreations.com\/wp-content\/uploads\/2026\/03\/Melusine-1152x1536.jpg 1152w, https:\/\/fgmcreations.com\/wp-content\/uploads\/2026\/03\/Melusine-1536x2048.jpg 1536w, https:\/\/fgmcreations.com\/wp-content\/uploads\/2026\/03\/Melusine-scaled.jpg 1920w\" sizes=\"auto, (max-width: 768px) 100vw, 768px\" \/><figcaption class=\"wp-element-caption\">Figurine sorci\u00e8re : M\u00e9lusine<\/figcaption><\/figure>\n","protected":false},"excerpt":{"rendered":"<p>Bienvenue dans mon univers magique et cr\u00e9atif ! Ici, chaque cr\u00e9ation est pens\u00e9e pour raconter une histoire, \u00e9veiller une \u00e9motion [&hellip;]<\/p>\n","protected":false},"author":1,"featured_media":0,"parent":0,"menu_order":0,"comment_status":"closed","ping_status":"closed","template":"","meta":{"site-sidebar-layout":"default","site-content-layout":"","ast-site-content-layout":"default","site-content-style":"default","site-sidebar-style":"default","ast-global-header-display":"","ast-banner-title-visibility":"","ast-main-header-display":"","ast-hfb-above-header-display":"","ast-hfb-below-header-display":"","ast-hfb-mobile-header-display":"","site-post-title":"","ast-breadcrumbs-content":"","ast-featured-img":"","footer-sml-layout":"","ast-disable-related-posts":"","theme-transparent-header-meta":"","adv-header-id-meta":"","stick-header-meta":"","header-above-stick-meta":"","header-main-stick-meta":"","header-below-stick-meta":"","astra-migrate-meta-layouts":"default","ast-page-background-enabled":"default","ast-page-background-meta":{"desktop":{"background-color":"var(--ast-global-color-5)","background-image":"","background-repeat":"repeat","background-position":"center center","background-size":"auto","background-attachment":"scroll","background-type":"","background-media":"","overlay-type":"","overlay-color":"","overlay-opacity":"","overlay-gradient":""},"tablet":{"background-color":"","background-image":"","background-repeat":"repeat","background-position":"center center","background-size":"auto","background-attachment":"scroll","background-type":"","background-media":"","overlay-type":"","overlay-color":"","overlay-opacity":"","overlay-gradient":""},"mobile":{"background-color":"","background-image":"","background-repeat":"repeat","background-position":"center center","background-size":"auto","background-attachment":"scroll","background-type":"","background-media":"","overlay-type":"","overlay-color":"","overlay-opacity":"","overlay-gradient":""}},"ast-content-background-meta":{"desktop":{"background-color":"var(--ast-global-color-4)","background-image":"","background-repeat":"repeat","background-position":"center center","background-size":"auto","background-attachment":"scroll","background-type":"","background-media":"","overlay-type":"","overlay-color":"","overlay-opacity":"","overlay-gradient":""},"tablet":{"background-color":"var(--ast-global-color-4)","background-image":"","background-repeat":"repeat","background-position":"center center","background-size":"auto","background-attachment":"scroll","background-type":"","background-media":"","overlay-type":"","overlay-color":"","overlay-opacity":"","overlay-gradient":""},"mobile":{"background-color":"var(--ast-global-color-4)","background-image":"","background-repeat":"repeat","background-position":"center center","background-size":"auto","background-attachment":"scroll","background-type":"","background-media":"","overlay-type":"","overlay-color":"","overlay-opacity":"","overlay-gradient":""}},"footnotes":""},"class_list":["post-43","page","type-page","status-publish","hentry"],"_links":{"self":[{"href":"https:\/\/fgmcreations.com\/index.php\/wp-json\/wp\/v2\/pages\/43","targetHints":{"allow":["GET"]}}],"collection":[{"href":"https:\/\/fgmcreations.com\/index.php\/wp-json\/wp\/v2\/pages"}],"about":[{"href":"https:\/\/fgmcreations.com\/index.php\/wp-json\/wp\/v2\/types\/page"}],"author":[{"embeddable":true,"href":"https:\/\/fgmcreations.com\/index.php\/wp-json\/wp\/v2\/users\/1"}],"replies":[{"embeddable":true,"href":"https:\/\/fgmcreations.com\/index.php\/wp-json\/wp\/v2\/comments?post=43"}],"version-history":[{"count":15,"href":"https:\/\/fgmcreations.com\/index.php\/wp-json\/wp\/v2\/pages\/43\/revisions"}],"predecessor-version":[{"id":255,"href":"https:\/\/fgmcreations.com\/index.php\/wp-json\/wp\/v2\/pages\/43\/revisions\/255"}],"wp:attachment":[{"href":"https:\/\/fgmcreations.com\/index.php\/wp-json\/wp\/v2\/media?parent=43"}],"curies":[{"name":"wp","href":"https:\/\/api.w.org\/{rel}","templated":true}]}}